
9
Let q(x) = 2*x - 6. Calculate the remainder when 17 is divided by q(6).
5
Let q be (-1)/(-2)*1*16. Let g = -14 + 16. Suppose q = -c + g*c. What is the remainder when 22 is divided by c?
6
Let m(c) = -2*c**3 - 3*c**2 + 9*c - 6. Calculate the remainder when m(-5) is divided by 25.
24
Let f(t) = -t**3 + 6*t**2 - 2*t - 3. Let k be f(5). Let y = -22 - -37. Calculate the remainder when y is divided by (32/(-6))/((-8)/k).
7
Suppose 3*j + 13 - 22 = 0. Calculate the remainder when (-2*1 + -1)*-1 is divided by j.
0
Suppose 0 = -u - 3*x - x + 7, -3*x + 11 = u. What is the remainder when u is divided by 6?
5
Suppose d + 3*d + 88 = 0. Let f = d + 43. Calculate the remainder when f is divided by 8.
5
Calculate the remainder when 788/10 - (-3 - (-84)/30) is divided by 20.
19
Let a(g) be the third derivative of g**5/60 - g**4/8 + g**3/2 - 4*g**2. What is the remainder when 27 is divided by a(4)?
6
Let a be 1/(-3) - 2/(-6). Suppose -2*t - 27 = -o, -t = -a*o - o + 24. Suppose -7*p + o = -4*p. What is the remainder when 12 is divided by p?
5
Suppose i - 1 = 0, 0 = -5*z + 2*i - 11 + 114. Calculate the remainder when z is divided by 8.
5
Let j = 6 + -7. Calculate the remainder when 9 is divided by (-1 - 1 - 3)/j.
4
Let j(b) = -4*b + 88. Calculate the remainder when j(14) is divided by 12.
8
Let d = -21 - -12. What is the remainder when (-79)/d - 12/(-54) is divided by 3?
0
Let s = -1 + 6. Suppose -2*z = s*k - 18, -2*z + 30 = -0*k - k. Let t = -10 + z. Calculate the remainder when t is divided by 3.
1
Suppose -y - 10 = y + 3*l, -y = 3*l + 11. Let g = -1 - y. What is the remainder when (11/g)/((-1)/2) is divided by 4?
3
Suppose -5*t = -27 - 208. Let n = -2 - -26. What is the remainder when t is divided by n?
23
Suppose t = -h - 25 - 12, 0 = -2*t - 4. Let b = -25 - h. Calculate the remainder when 38 is divided by b.
8
Suppose -3*o + 56 - 17 = 0. Calculate the remainder when 23 is divided by o.
10
Let g be 48*(10/(-4) - -3). Suppose 4*d - g - 24 = 0. Calculate the remainder when 45 is divided by d.
9
Suppose 5*h + 3*q - 164 = 0, -3*q - 200 = -5*h - 24. Calculate the remainder when h is divided by 186/15 - (-8)/(-20).
10
Let v be ((-20)/(-7))/((-4)/(-14)). What is the remainder when (3*1)/(2/v) is divided by 6?
3
Let n(t) = -t**2 - 6*t + 3. Let o be n(-6). Suppose -5*r + 90 = 2*i + o*i, -99 = -4*r + 5*i. Calculate the remainder when r is divided by 11.
10
Suppose 0 = -3*r - 3*y + 15, -8 = -4*r - 2*y + 10. What is the remainder when 19 is divided by r?
3
Suppose -2*o = -4*o + 10. Suppose -200 + 65 = -o*h. What is the remainder when h is divided by 7?
6
Let t(v) = -v**3 + 4*v**2 + 3*v - 3. Let u = 23 - -6. Calculate the remainder when u is divided by t(-2).
14
Let j(x) = 16*x - 1. Suppose -1 = 3*l - 5*t - 4, -4*l + 3*t + 4 = 0. Calculate the remainder when j(l) is divided by 4.
3
Let c = 49 + -7. Suppose -2*k + k + c = 0. Let q = 41 + -19. Calculate the remainder when k is divided by q.
20
Let y = -16 + 27. Calculate the remainder when y is divided by 7.
4
What is the remainder when 106 + 6 - (6 - 3) is divided by 22?
21
Suppose 0*q - 16 = -4*q. Calculate the remainder when 6 is divided by q.
2
Let t be (2 - (-9)/(-6))*4. Suppose 3*v + 13 = 3*o - 2*o, 5*o + t*v - 31 = 0. Calculate the remainder when 13 is divided by o.
6
Suppose 3*l + 2*l = -t + 29, -5*t - 3*l + 123 = 0. What is the remainder when 94 is divided by t?
22
Let t = -23 - -41. Calculate the remainder when 29 is divided by t.
11
Let z(k) = k**2 + 2*k - 4. Suppose -4*d - 5*v = -v, 2*v - 28 = 5*d. Calculate the remainder when 13 is divided by z(d).
1
Let d(o) = 2*o**3 - 2*o**2 - 2*o. Let t be d(2). Suppose t*l - 64 = 52. What is the remainder when l is divided by 10?
9
Let f(q) = -1. Let b(g) = -4*g - 12. Let l(a) = b(a) - 6*f(a). What is the remainder when 17 is divided by l(-4)?
7
Suppose w = 2*q + 2*w - 55, 4*q - 2*w - 114 = 0. Suppose -3*c = -c - q. What is the remainder when 26 is divided by c?
12
Let l(j) = -2*j + 2. What is the remainder when l(-11) is divided by 13?
11
Let x(o) = 52*o**3 - o + 1. Suppose -j - 3*j = -72. What is the remainder when x(1) is divided by j?
16
What is the remainder when (140 - (5 - 1)) + -5 is divided by 19?
17
Suppose 87 = 3*f - 3*w, 0*f - 80 = -3*f - 4*w. Let s(j) = -8*j**3 - 3*j**2 - 2*j - 2. What is the remainder when s(-2) is divided by f?
26
Let r(y) be the first derivative of 3*y**2 - 1. Let h be r(1). Suppose -j = h - 52. What is the remainder when j is divided by 16?
14
Suppose 2*v - 2 = -0*v. Let b(s) = 34*s**2. What is the remainder when b(v) is divided by 12?
10
Let c be ((-15)/(-10))/((-6)/(-20)). Suppose c*o - 66 = 2*o. What is the remainder when 63 is divided by o?
19
Let f(a) = 4*a - 6. What is the remainder when 54 is divided by f(5)?
12
Let g be (-1 - -2)/((-8)/48). Let o(y) = -2*y**3 - 8*y**2 + 5. Let j be o(g). Let r = j - 105. What is the remainder when r is divided by 15?
14
Let t = 52 - 28. Suppose -26 = -3*x + 2*k, -3*x + 0*k = 3*k - 36. Calculate the remainder when x is divided by ((-12)/10)/(t/(-80)).
2
Calculate the remainder when 17 is divided by 70/(-15)*(-3)/2.
3
Suppose -5 + 20 = 5*t. Let p(w) = w**2 + 6*w + 7. Let c(v) = v**2 - 10*v + 11. Let h be c(8). Calculate the remainder when t is divided by p(h).
1
Suppose 3*x - 283 + 34 = 0. Suppose -p = 2*l - 33 - x, 2*p - 120 = -2*l. What is the remainder when l is divided by 15?
11
What is the remainder when 2*(0 - (-52)/8) is divided by 7?
6
Suppose 0 = -x + 5*p + 6, -p - 1 = -2*x + 11. Calculate the remainder when 22 is divided by x.
4
Let p(i) = 13*i - 1. Let w be p(6). Suppose w = 5*l - 13. Suppose -5*j + 2*o + 179 = 0, -2*j - 4*o = -99 + 37. What is the remainder when j is divided by l?
17
Let p(s) = -s**3 - 7*s**2 - 4*s + 5. Let g be p(-6). Let d = 12 + g. What is the remainder when d is divided by 3?
2
Calculate the remainder when 12 is divided by (-27)/9*4/(-6).
0
Suppose 0*q + 12 = o - 4*q, 2*o + 4*q = 24. Calculate the remainder when 154 is divided by o.
10
Suppose 5*w - 607 - 103 = 0. Calculate the remainder when w is divided by 13.
12
Suppose -5*l - 22 = -107. Suppose 3*n - 15 = 3*t, n - 4*n = 3*t - 3. Suppose z - 24 = -n*z. Calculate the remainder when l is divided by z.
5
Suppose 5*c = 5*l - 0*l - 35, 5*c - 5 = -3*l. Suppose -57 = -l*b - 2. What is the remainder when 40 is divided by b?
7
Suppose 0 = -5*p + 6*z - 2*z + 55, -p + 11 = -5*z. Suppose 32 = l - p. What is the remainder when l is divided by 11?
10
What is the remainder when (2/3)/((-8)/(-396)) is divided by 9?
6
Let w be 1*1*-28*1. What is the remainder when w/((3 + -1)*-1) is divided by 4?
2
Suppose 0 = -7*d + 8*d - 22. What is the remainder when d is divided by 11?
0
Let d(r) = -r**2 - 11*r - 15. What is the remainder when 47 is divided by d(-7)?
8
Suppose -40 = 3*w - 7*w. Calculate the remainder when 19 is divided by w.
9
What is the remainder when (-4)/2 - (-97 - 7) is divided by 26?
24
Suppose 3*o - 30 = 3*h + 12, 0 = 2*o - h - 32. Calculate the remainder when 69 is divided by o.
15
Let k(p) = 57*p - 1. Let d(a) = -a + 0 - 6 - 5 + 3. Let b be d(-9). Calculate the remainder when k(b) is divided by 19.
18
Let h(a) = -3*a**2 + 8*a + 7. Let l(d) = -4*d**2 + 9*d + 8. Let b(v) = 7*h(v) - 6*l(v). Calculate the remainder when b(-3) is divided by 8.
6
Let d = 9 - 6. Suppose -n + 3*i = -18, -132 = -n - 3*n - d*i. Let g(h) = 3*h - 10. What is the remainder when n is divided by g(7)?
8
Suppose -838 = -4*r - 3*x, r + 2*x + x - 214 = 0. Suppose 0 = 2*j + 2*j - r. Calculate the remainder when j is divided by 18.
16
Suppose z = -t + 4, 3*z - 1 = 3*t + 35. Calculate the remainder when z is divided by 3.
2
Suppose -4*h - 48 = -2*x, 2*h - 5*h = 2*x - 55. Calculate the remainder when x is divided by 2/(2/7)*(-9)/(-7).
8
Suppose 10 = 5*m, -5 - 3 = 3*c + 2*m. Let b be -15*(-2)/c*-2. Suppose 5*w = -b, -v - w - 7 = -5*v. What is the remainder when 2 is divided by v?
0
Let g = 57 + -21. Calculate the remainder when 106 is divided by g.
34
Let g = -37 + 70. Let c(s) = s**2 + 3*s - 1. Calculate the remainder when g is divided by c(2).
6
Let u(k) = 6*k**2 + 2*k + 1. Let j be u(-1). Suppose -j*n = -28 - 17. Calculate the remainder when n is divided by 5.
4
Suppose 0 = -9*t + 335 + 565. Calculate the remainder when t is divided by 35.
30
Let p(